{"id":732,"date":"2018-06-28T01:54:03","date_gmt":"2018-06-28T04:54:03","guid":{"rendered":"https:\/\/elmayor-sgo.infd.edu.ar\/sitio\/informacion-para-alumnos\/"},"modified":"2023-10-18T09:48:20","modified_gmt":"2023-10-18T12:48:20","slug":"informacion-para-alumnos","status":"publish","type":"page","link":"https:\/\/elmayor-sgo.infd.edu.ar\/sitio\/informacion-para-alumnos\/","title":{"rendered":"Requisitos de Inscripci\u00f3n"},"content":{"rendered":"\n<p>Certificado Anal\u00edtico de Estudios Secundarios autenticado por la Instituci\u00f3n que lo emiti\u00f3&nbsp;&nbsp; &nbsp;o Constancia de Certificado de Estudios en Tr\u00e1mite<\/p>\n\n\n\n<p>Acta de Nacimiento Legalizada<\/p>\n\n\n\n<p>Fotocopia de DNI<\/p>\n\n\n\n<p>Constancia de CUIL<\/p>\n\n\n\n<p>Carpeta para archivo con visor<\/p>\n\n\n\n<p>2 fotos carnet<\/p>\n\n\n\n<p>Fichas de Inscripci\u00f3n<\/p>\n","protected":false},"excerpt":{"rendered":"<p>Certificado Anal\u00edtico de Estudios Secundarios autenticado por la Instituci\u00f3n que lo emiti\u00f3&nbsp;&nbsp; &nbsp;o Constancia de Certificado de Estudios en Tr\u00e1mite Acta de Nacimiento Legalizada Fotocopia de DNI Constancia de CUIL Carpeta para archivo con visor 2 fotos carnet Fichas de Inscripci\u00f3n<\/p>\n","protected":false},"author":147,"featured_media":0,"parent":0,"menu_order":0,"comment_status":"closed","ping_status":"closed","template":"","meta":[],"acf":[],"_links":{"self":[{"href":"https:\/\/elmayor-sgo.infd.edu.ar\/sitio\/wp-json\/wp\/v2\/pages\/732"}],"collection":[{"href":"https:\/\/elmayor-sgo.infd.edu.ar\/sitio\/wp-json\/wp\/v2\/pages"}],"about":[{"href":"https:\/\/elmayor-sgo.infd.edu.ar\/sitio\/wp-json\/wp\/v2\/types\/page"}],"author":[{"embeddable":true,"href":"https:\/\/elmayor-sgo.infd.edu.ar\/sitio\/wp-json\/wp\/v2\/users\/147"}],"replies":[{"embeddable":true,"href":"https:\/\/elmayor-sgo.infd.edu.ar\/sitio\/wp-json\/wp\/v2\/comments?post=732"}],"version-history":[{"count":3,"href":"https:\/\/elmayor-sgo.infd.edu.ar\/sitio\/wp-json\/wp\/v2\/pages\/732\/revisions"}],"predecessor-version":[{"id":938,"href":"https:\/\/elmayor-sgo.infd.edu.ar\/sitio\/wp-json\/wp\/v2\/pages\/732\/revisions\/938"}],"wp:attachment":[{"href":"https:\/\/elmayor-sgo.infd.edu.ar\/sitio\/wp-json\/wp\/v2\/media?parent=732"}],"curies":[{"name":"wp","href":"https:\/\/api.w.org\/{rel}","templated":true}]}}