{"id":743,"date":"2018-06-28T01:54:08","date_gmt":"2018-06-28T04:54:08","guid":{"rendered":"https:\/\/elmayor-sgo.infd.edu.ar\/sitio\/fechas-de-examenes-2018\/"},"modified":"2024-02-20T12:13:30","modified_gmt":"2024-02-20T15:13:30","slug":"fechas-de-examenes-2019","status":"publish","type":"page","link":"https:\/\/elmayor-sgo.infd.edu.ar\/sitio\/fechas-de-examenes-2019\/","title":{"rendered":"Fechas de Ex\u00e1menes 2024"},"content":{"rendered":"\n<p><strong><span class=\"has-inline-color has-luminous-vivid-orange-color\">Recordemos que las inscripciones se realizan por Secretar\u00eda hasta 48 hs h\u00e1biles del horario y d\u00eda del examen. Pueden borrarse 24 hs previas a el examen.<\/span><\/strong><\/p>\n\n\n<p><a href=\"https:\/\/elmayor-sgo.infd.edu.ar\/sitio\/wp-content\/uploads\/2024\/02\/Examenes-MARZO-2024-.pdf\">Ex\u00e1menes MARZO 2024 &#8211;<\/a><\/p>\n\n\n<p><\/p>\n","protected":false},"excerpt":{"rendered":"<p>Recordemos que las inscripciones se realizan por Secretar\u00eda hasta 48 hs h\u00e1biles del horario y d\u00eda del examen. Pueden borrarse 24 hs previas a el examen. Ex\u00e1menes MARZO 2024 &#8211;<\/p>\n","protected":false},"author":147,"featured_media":0,"parent":0,"menu_order":0,"comment_status":"closed","ping_status":"closed","template":"","meta":[],"acf":[],"_links":{"self":[{"href":"https:\/\/elmayor-sgo.infd.edu.ar\/sitio\/wp-json\/wp\/v2\/pages\/743"}],"collection":[{"href":"https:\/\/elmayor-sgo.infd.edu.ar\/sitio\/wp-json\/wp\/v2\/pages"}],"about":[{"href":"https:\/\/elmayor-sgo.infd.edu.ar\/sitio\/wp-json\/wp\/v2\/types\/page"}],"author":[{"embeddable":true,"href":"https:\/\/elmayor-sgo.infd.edu.ar\/sitio\/wp-json\/wp\/v2\/users\/147"}],"replies":[{"embeddable":true,"href":"https:\/\/elmayor-sgo.infd.edu.ar\/sitio\/wp-json\/wp\/v2\/comments?post=743"}],"version-history":[{"count":18,"href":"https:\/\/elmayor-sgo.infd.edu.ar\/sitio\/wp-json\/wp\/v2\/pages\/743\/revisions"}],"predecessor-version":[{"id":959,"href":"https:\/\/elmayor-sgo.infd.edu.ar\/sitio\/wp-json\/wp\/v2\/pages\/743\/revisions\/959"}],"wp:attachment":[{"href":"https:\/\/elmayor-sgo.infd.edu.ar\/sitio\/wp-json\/wp\/v2\/media?parent=743"}],"curies":[{"name":"wp","href":"https:\/\/api.w.org\/{rel}","templated":true}]}}